d 26?
26
Suppose -3*m - 5 = -14. Let q(t) = 3*t + 1 - 1 - t**m - 3*t**2. Let c be q(-4). Calculate the highest common factor of 36 and c.
4
Let r be 4/(-3) - (-2048)/24. Calculate the greatest common factor of 7 and r.
7
Let u be -1*(-3 + 1)*5499/94. What is the greatest common factor of u and 104?
13
Suppose -2*d - d = 3*q - 132, -2*q - d = -84. Let v(t) = -t - 16. Let g be v(-24). What is the greatest common factor of g and q?
8
Let d(a) be the second derivative of a**4/12 + 2*a**3/3 + a**2 - 11*a. Let u be d(8). Calculate the greatest common factor of 14 and u.
14
Suppose 19*l = 56*l - 2664. Calculate the greatest common factor of 792 and l.
72
Suppose 61*w - 52*w - 8811 = 0. Calculate the greatest common factor of 11 and w.
11
Let t be ((-4)/(-12)*6)/(2/5). Let l = 13 + t. Let u(j) = -6*j**3 - 3*j**2 + 3*j. Let g be u(-3). What is the highest common divisor of g and l?
18
Let u = 7 + -2. Suppose -3*o = u - 20. Suppose -h = 5*p - 662, 3*h + 192 = o*p - 462. What is the greatest common factor of p and 12?
12
Let z be (-1)/(15/10) - (-4465)/15. Calculate the highest common divisor of z and 165.
33
Let o(d) = 35*d - 261. Let v be o(15). Suppose -5*k + 165 = -0*k. Calculate the highest common factor of k and v.
33
Let r = -20 + 38. Let m = 530 - 458. What is the greatest common factor of r and m?
18
Let h be 0 - -1 - 1 - 2. Let b be -1*h*(19 + -1). Suppose -49 = 4*z - 33, 21 = g - 3*z. Calculate the greatest common divisor of g and b.
9
Let d be -2 - 51*3/(-9). Calculate the highest common divisor of 6 and d.
3
Let u be (3/9)/(-1)*-21. Suppose -2*n + 17 = -u. Let w be n/(-66) - 1060/(-22). Calculate the greatest common factor of w and 12.
12
Suppose -u + 240 = u. Let j(o) = 4*o**2 + 3*o - 4. Let y be j(4). Suppose -a + y = 2*a. Calculate the greatest common factor of a and u.
24
Let d be (-3)/(-4*21/4340). Calculate the highest common divisor of d and 10.
5
Let m be (3/(-2))/((-2)/28). What is the highest common divisor of 42 and m?
21
Suppose 240 = -22*z + 26*z. Suppose 4*d - 4*k = 40, d = 5*d + k - z. Let u be (-2)/4 + (-10)/(-4). What is the highest common divisor of u and d?
2
Suppose -5*l = 21 - 1, -l = 3*r - 194. What is the greatest common divisor of 6 and r?
6
Let w be (-204)/(-12) + 7 - (1 + 2). Let o = 3 + 0. What is the greatest common factor of o and w?
3
Let v(u) = 112*u**2 - 23*u - 53. Let b be v(-2). What is the greatest common factor of 98 and b?
49
Let z(n) = n**3 - 8*n**2 - 24*n - 27. Let y be z(11). Calculate the greatest common factor of y and 16.
8
Let g(x) = -x**2 - x**3 - 65 - 71 + 2*x + 137. Let j be g(-3). Calculate the highest common factor of 104 and j.
13
Let z be 1425/((-15 - -6) + 10). Calculate the highest common factor of 57 and z.
57
Suppose 5*a = -3*h + 18, -2*h + 24 = 2*h + 5*a. What is the highest common factor of 534 and h?
6
Suppose -57 = -4*m + 3*v, 5*v + 26 = 2*m + v. What is the greatest common factor of 375 and m?
15
Suppose -424*w = -421*w - 33. What is the highest common factor of 2519 and w?
11
Suppose -4*m - 30 - 10 = 0. Let x be (m/1)/(8/(-48)). Suppose -5*l + 1 = 5*p - 99, 0 = 3*l + 5*p - 52. What is the greatest common factor of l and x?
12
Suppose 80 = 6*s - s. Let w(y) = 172*y**2 - 2*y + 2. Let n be w(-1). Calculate the greatest common divisor of n and s.
16
Let k be 38/((-8)/12*-1). Let p(s) = 34*s + 1. Let b be p(5). Suppose -z - b = -5*v + 18, 5*z = -4*v + 157. What is the greatest common divisor of k and v?
19
Suppose -2*i = 2*y - 66, 4*i - i - 94 = 2*y. Calculate the highest common divisor of i and 288.
32
Let s(q) = -11*q - 15. Let p be s(-6). Let u = p - 7. What is the highest common divisor of u and 110?
22
Let b(s) = -4*s + 1. Let o be b(-1). Let k = o - -18. Calculate the highest common divisor of 161 and k.
23
Let d be -5*(160 + -12)/(-4). Suppose 3*q + 3*h = 120, 3*q - 56 = 5*h + 40. Calculate the greatest common divisor of q and d.
37
Suppose 0 = 2*f - 4, t - 6*t - 4*f + 48 = 0. Calculate the highest common factor of t and 376.
8
Let t = 803 + -760. What is the greatest common divisor of 43 and t?
43
Let h = 4184 - 2861. Calculate the greatest common factor of h and 27.
27
Suppose 0 = 2*m - 4*m - 48. Let z be (104/m)/(2/(-6)). Suppose 0 = 5*w - 12 - z. Calculate the highest common divisor of w and 5.
5
Suppose 0 = -23*t + 4429 + 14684. Calculate the highest common divisor of 3 and t.
3
Let i = -202 - -218. What is the greatest common divisor of 88 and i?
8
Let s(c) = -6*c - 1. Let b be s(-3). Suppose 21*a - 11169 = -52*a. What is the greatest common divisor of a and b?
17
Let b = -546 - -559. What is the highest common factor of 5135 and b?
13
Let p(s) = s**3 - 55*s**2 + 108*s + 40. Let c be p(53). Calculate the highest common divisor of c and 3942.
146
Suppose 140 = -8*h + 700. Suppose -43 = 12*o - 379. Calculate the greatest common divisor of o and h.
14
Suppose 0 = 2*h - 6*h + 16. Suppose h*i + 41 = -211. Let s be (-648)/i + (-2)/7. What is the greatest common factor of 40 and s?
10
Let j(p) = -3*p + 37. Let k be j(10). Calculate the highest common divisor of k and 133.
7
Suppose 3*b + 130 = 67. Let u be (b/(-28))/(2/200). Calculate the highest common factor of 15 and u.
15
Suppose 0*m + 3*m = -3*t + 42, -5*m = -2*t - 77. Let g be (-7)/(-5) - m/(-25). Calculate the greatest common factor of 2 and g.
2
Let t(d) = 23*d**2 - 55*d + 165. Let x be t(3). Let j = -14 + 37. What is the greatest common factor of x and j?
23
Let f be 2/1 - 0/1. Suppose 9 = 3*p - f*p. Suppose v - p = 6. Calculate the greatest common divisor of 75 and v.
15
Suppose 3*x = -f - 1, 5*f - 1 = 3*x - 6. Let a = f - -71. Calculate the highest common factor of 10 and a.
10
Suppose 3*d = 5*t + 716 - 2299, -t + 339 = 5*d. Calculate the greatest common divisor of 11 and t.
11
Let g = 1089 - 720. What is the greatest common factor of 82 and g?
41
Let j(h) = 2*h**3 - 3*h**2 + 2*h - 3. Suppose -4*r = -45 + 37. Let a be j(r). What is the greatest common divisor of 45 and a?
5
Suppose -4 = 3*s - 16. Suppose j = s*y + 126 + 214, -3*j + 964 = 2*y. Let d(c) = 13*c - 3. Let k be d(3). What is the greatest common factor of k and j?
36
Suppose 5*x + 1 = 6*x. Suppose -2*b = 2*k + 2*k - 22, -4*b = 2*k - 26. What is the highest common factor of k and x?
1
Suppose -1369 + 419 = -10*v. Calculate the highest common factor of 20 and v.
5
Let f(a) = a**3 - 5*a**2 + a + 2. Let r be f(5). Suppose -40 = -r*s + 2*s. What is the highest common divisor of s and 72?
8
Suppose 0 = d - 5*d + 16. Suppose -d - 4 = -2*j. Let h = j - -14. Calculate the greatest common divisor of 72 and h.
18
Let c(i) = -51*i - 1. Let b be c(-11). What is the highest common factor of 35 and b?
35
Let d be 1 - (0 - -19)*-1. Let p(z) = -27*z - 1320. Let h be p(-50). Calculate the greatest common divisor of d and h.
10
Let d be (-10)/((7/6)/(-7)). Suppose -5*w + 69 = 5*o - 4*w, 4*o - d = -2*w. Calculate the greatest common divisor of o and 13.
13
Let d(x) = -x - 7*x - 6 + 17 + 0*x. Let v be d(-5). Suppose -3*z = 4*r - v, -3*r = -2*z + 2*r + 11. What is the highest common divisor of z and 26?
13
Let w(t) = -t + 0 + 2*t + 3. Let l be w(14). What is the greatest common factor of 17 and l?
17
Let x(n) = -2*n**3 + 17*n**2 + 10*n - 7. Let y be x(9). Calculate the highest common divisor of 6 and y.
2
Suppose 0 = -5*c + 3*t + 417, 2*c + 3*t = 106 + 44. Calculate the highest common factor of c and 9.
9
Let t(v) = 40*v + 56. Let c be t(4). What is the greatest common divisor of c and 270?
54
Let d(u) = 47*u**3 + 6*u**2 - 7*u - 1. Let f be d(2). Calculate the greatest common factor of f and 35.
35
Let r(g) = 40*g - 45. Let b be r(3). What is the greatest common factor of b and 100?
25
Suppose -2*i = -3*b - 72, -16*i + 201 = -11*i + 3*b. Let p be 2/4*52 - 0. Calculate the greatest common divisor of p and i.
13
Suppose -4 = -2*p - 0*p. Let w = 2 - -5. Let r be (w - (-1 - -5))*1. What is the greatest common divisor of p and r?
1
Let a be (6/5)/(3/130). Let c = -726 + 739. What is the highest common divisor of c and a?
13
Let s = -76 + 86. Let z be ((-296)/(-6))/(4/66). Let x be z/s + (-6)/15. What is the greatest common factor of 9 and x?
9
Suppose 0 = -r + 4*d + 30, 5*r - 149 = 2*d - 53. Let i = -2340 - -2538. Calculate the highest common factor of i and r.
18
Let g(u) = -u**2 